{"id":467,"date":"2019-10-02T10:55:31","date_gmt":"2019-10-02T08:55:31","guid":{"rendered":"https:\/\/villaherbalandia.com\/?page_id=467"},"modified":"2019-10-02T10:55:33","modified_gmt":"2019-10-02T08:55:33","slug":"politique-de-confidentialite","status":"publish","type":"page","link":"https:\/\/villaherbalandia.com\/?page_id=467&lang=fr","title":{"rendered":"Politique de confidentialit\u00e9"},"content":{"rendered":"<section class=\"wpb-content-wrapper\"><p>[vc_row][vc_column]<div class=\"wpb_content_element \"><style type=\"text\/css\"><\/style><header id=\"ut_header_69fc8cfeb1286\" class=\"section-header  ut-no-title-linebreak-mobile ut-no-lead-linebreak-mobile pt-style-6 header-left header-tablet-left header-mobile-center\"><h2 data-title=\"Politique de confidentialit\u00e9\"  data-responsive-font=\"section_title\" class=\"section-title  \"><span>Politique de confidentialit\u00e9<\/span><\/h2><\/header><\/div>[vc_column_text]\u00c0 propos de nous<\/p>\n<p>L&#8217;adresse de notre site Web est la suivante: https:\/\/www.villaherbalandia.com<\/p>\n<p>Nom fiscal: Villa Herbalandia &#8211; Ruth &amp; Manuel Gosende &#8211; H\u00e4ni<\/p>\n<p>Adresse: Las Atalayas &#8211; Avda. Bulgarie, 23<\/p>\n<p>12598 Pe\u00f1\u00edscola (Castell\u00f3n)<\/p>\n<p>T\u00e9l\u00e9phone de contact: +34 964 480 150 &#8211; +34 629 254 751<\/p>\n<p>Email de contact: villaherbalandia@yahoo.es<\/p>\n<p>Quelles donn\u00e9es personnelles nous recueillons et pourquoi nous les recueillons<\/p>\n<p>Donn\u00e9es d&#8217;enregistrement du client<\/p>\n<p>Pour passer une commande, vous devez vous enregistrer en tant que client. Dans ce processus, nous collectons vos donn\u00e9es personnelles pour pouvoir vous enregistrer en tant que client afin que vous puissiez passer la commande.<\/p>\n<p>commentaires<\/p>\n<p>Lorsque les visiteurs laissent des commentaires sur le Web, nous collectons les donn\u00e9es figurant dans le formulaire de commentaire, ainsi que l\u2019adresse IP du visiteur et la cha\u00eene d\u2019agent utilisateur du navigateur, afin de faciliter la d\u00e9tection du spam.<\/p>\n<p>Une cha\u00eene anonyme cr\u00e9\u00e9e \u00e0 partir de votre adresse \u00e9lectronique (\u00e9galement appel\u00e9e hachage) peut \u00eatre fournie au service Gravatar pour voir si vous l&#8217;utilisez. La politique de confidentialit\u00e9 du service Gravatar est disponible ici: https:\/\/automattic.com\/privacy\/. Apr\u00e8s l\u2019approbation de votre commentaire, l\u2019image de votre profil est visible au public dans le contexte de votre commentaire.<\/p>\n<p>M\u00e9dias<\/p>\n<p>Si vous t\u00e9l\u00e9chargez des images sur le Web, \u00e9vitez de les t\u00e9l\u00e9charger avec des donn\u00e9es de localisation (GPS EXIF) incluses. Les visiteurs Web peuvent t\u00e9l\u00e9charger et extraire toutes les donn\u00e9es de localisation des images Web.<\/p>\n<p>Formulaire de contact<\/p>\n<p>Dans les formulaires de contact, nous recueillons les donn\u00e9es n\u00e9cessaires pour fournir le service demand\u00e9 par le client.<\/p>\n<p>biscuits<\/p>\n<p>Si vous laissez un commentaire sur notre site, vous pouvez choisir d&#8217;enregistrer votre nom, votre adresse email et votre site web dans des cookies. C\u2019est pour votre commodit\u00e9, vous n\u2019avez donc pas besoin de saisir vos donn\u00e9es lorsque vous laissez un autre commentaire. Ces cookies dureront un an.<\/p>\n<p>Si vous avez un compte et que vous vous connectez \u00e0 ce site, nous installerons un cookie temporaire pour d\u00e9terminer si votre navigateur accepte les cookies. Ce cookie ne contient pas de donn\u00e9es personnelles et est supprim\u00e9 \u00e0 la fermeture du navigateur.<\/p>\n<p>Lors de votre connexion, nous installerons \u00e9galement plusieurs cookies pour enregistrer vos informations de connexion et vos options d\u2019affichage \u00e0 l\u2019\u00e9cran. Les cookies de connexion durent deux jours et les cookies d\u2019option \u00e9cran, un an. Si vous s\u00e9lectionnez \u00abRemember Me\u00bb, votre connexion durera deux semaines. Si vous quittez votre compte, les cookies de connexion seront supprim\u00e9s.<\/p>\n<p>Si vous \u00e9ditez ou publiez un article, un cookie suppl\u00e9mentaire sera enregistr\u00e9 dans votre navigateur. Ce cookie n&#8217;inclut pas de donn\u00e9es personnelles et indique simplement l&#8217;ID de l&#8217;article que vous venez de modifier. Il expire apr\u00e8s 1 jour.<\/p>\n<p>Contenu int\u00e9gr\u00e9 provenant d&#8217;autres sites Web<\/p>\n<p>Les articles sur ce site peuvent inclure du contenu incorpor\u00e9 (par exemple, des vid\u00e9os, des images, des articles, etc.). Le contenu int\u00e9gr\u00e9 d&#8217;autres sites Web se comporte exactement comme si le visiteur avait visit\u00e9 l&#8217;autre site Web.<\/p>\n<p>Ces sites Web peuvent collecter des donn\u00e9es vous concernant, utiliser des cookies, int\u00e9grer un suivi tiers suppl\u00e9mentaire et surveiller votre interaction avec ce contenu int\u00e9gr\u00e9, notamment en suivant votre interaction avec le contenu int\u00e9gr\u00e9 si vous avez un compte et \u00eates connect\u00e9 \u00e0 ce site Web.<\/p>\n<p>Analytique<\/p>\n<p>Nous recueillons de mani\u00e8re anonyme des donn\u00e9es de navigation \u00e0 l&#8217;aide de Google Analytics.<\/p>\n<p>Avec qui nous partageons vos donn\u00e9es<\/p>\n<p>Nous ne partageons pas vos donn\u00e9es personnelles.<\/p>\n<p>Nous partageons anonymement vos donn\u00e9es de navigation avec Google Analytics.<\/p>\n<p>Combien de temps gardons-nous vos donn\u00e9es?<\/p>\n<p>Si vous laissez un commentaire, le commentaire et ses m\u00e9tadonn\u00e9es sont conserv\u00e9s ind\u00e9finiment. Cela permet de reconna\u00eetre et d&#8217;approuver automatiquement les commentaires successifs au lieu de les conserver dans une file d&#8217;attente de mod\u00e9ration.<\/p>\n<p>Parmi les utilisateurs qui s&#8217;inscrivent sur notre site Web (le cas \u00e9ch\u00e9ant), nous conservons \u00e9galement les informations personnelles qu&#8217;ils fournissent dans leur profil d&#8217;utilisateur. Tous les utilisateurs peuvent consulter, modifier ou supprimer leurs informations personnelles \u00e0 tout moment (sauf qu&#8217;ils ne peuvent pas changer leur nom d&#8217;utilisateur). Les administrateurs Web peuvent \u00e9galement afficher et modifier ces informations.<\/p>\n<p>Quels droits avez-vous sur vos donn\u00e9es<\/p>\n<p>Si vous avez un compte ou avez laiss\u00e9 des commentaires sur ce site, vous pouvez demander \u00e0 recevoir un fichier d\u2019exportation contenant les donn\u00e9es personnelles que nous avons sur vous, y compris les informations que vous avez fournies. Vous pouvez \u00e9galement demander que nous supprimions toutes les informations personnelles dont nous disposons sur vous. Cela n&#8217;inclut pas les donn\u00e9es que nous sommes tenus de conserver \u00e0 des fins administratives, juridiques ou de s\u00e9curit\u00e9.<\/p>\n<p>O\u00f9 nous envoyons vos donn\u00e9es<\/p>\n<p>Les commentaires des visiteurs peuvent \u00eatre examin\u00e9s par un service de d\u00e9tection automatique du spam.<\/p>\n<p>Comment prot\u00e9geons-nous vos donn\u00e9es?<\/p>\n<p>Notre domaine est prot\u00e9g\u00e9 par un certificat de s\u00e9curit\u00e9 SSL Wildcard g\u00e9r\u00e9 par 1and1 Ionos cr\u00e9\u00e9 par DigiCert.[\/vc_column_text][\/vc_column][\/vc_row]<\/p>\n<\/section>","protected":false},"excerpt":{"rendered":"<p>[vc_row][vc_column][vc_column_text]\u00c0 propos de nous L&#8217;adresse de notre site Web est la suivante: https:\/\/www.villaherbalandia.com Nom fiscal: Villa Herbalandia &#8211; Ruth &amp; Manuel Gosende &#8211; H\u00e4ni Adresse: Las Atalayas &#8211; Avda. Bulgarie, 23 12598 Pe\u00f1\u00edscola (Castell\u00f3n) T\u00e9l\u00e9phone de contact: +34 964 480 150 &#8211; +34 629 254 751 Email de contact: villaherbalandia@yahoo.es Quelles donn\u00e9es personnelles nous recueillons [&hellip;]<\/p>\n","protected":false},"author":1,"featured_media":0,"parent":0,"menu_order":0,"comment_status":"closed","ping_status":"closed","template":"","meta":{"footnotes":""},"_links":{"self":[{"href":"https:\/\/villaherbalandia.com\/index.php?rest_route=\/wp\/v2\/pages\/467"}],"collection":[{"href":"https:\/\/villaherbalandia.com\/index.php?rest_route=\/wp\/v2\/pages"}],"about":[{"href":"https:\/\/villaherbalandia.com\/index.php?rest_route=\/wp\/v2\/types\/page"}],"author":[{"embeddable":true,"href":"https:\/\/villaherbalandia.com\/index.php?rest_route=\/wp\/v2\/users\/1"}],"replies":[{"embeddable":true,"href":"https:\/\/villaherbalandia.com\/index.php?rest_route=%2Fwp%2Fv2%2Fcomments&post=467"}],"version-history":[{"count":1,"href":"https:\/\/villaherbalandia.com\/index.php?rest_route=\/wp\/v2\/pages\/467\/revisions"}],"predecessor-version":[{"id":468,"href":"https:\/\/villaherbalandia.com\/index.php?rest_route=\/wp\/v2\/pages\/467\/revisions\/468"}],"wp:attachment":[{"href":"https:\/\/villaherbalandia.com\/index.php?rest_route=%2Fwp%2Fv2%2Fmedia&parent=467"}],"curies":[{"name":"wp","href":"https:\/\/api.w.org\/{rel}","templated":true}]}}