{"id":170,"date":"2019-08-29T12:50:56","date_gmt":"2019-08-29T10:50:56","guid":{"rendered":"http:\/\/villaherbalandia.com\/?page_id=170"},"modified":"2019-10-01T12:56:45","modified_gmt":"2019-10-01T10:56:45","slug":"contacto","status":"publish","type":"page","link":"https:\/\/villaherbalandia.com\/?page_id=170","title":{"rendered":"Contacto"},"content":{"rendered":"<section class=\"wpb-content-wrapper\"><p>[vc_row css=\u00bb.vc_custom_1569927401326{padding-top: 60px !important;}\u00bb][vc_column]<div class=\"wpb_content_element \"><style type=\"text\/css\"><\/style><header id=\"ut_header_69fc7f8327e1b\" class=\"section-header  ut-no-title-linebreak-mobile ut-no-lead-linebreak-mobile pt-style-6 header-left header-tablet-left header-mobile-center\"><h2 data-title=\"Contacto\"  data-responsive-font=\"section_title\" class=\"section-title  \"><span>Contacto<\/span><\/h2><\/header><\/div>[\/vc_column][\/vc_row][vc_row][vc_column][vc_column_text]Villa Herbalandia<\/p>\n<p style=\"font-weight: 400;\">Ruth &amp; Manuel Gosende \u2013 H\u00e4ni<\/p>\n<p style=\"font-weight: 400;\">Email : villaherbalandia@yahoo.es<\/p>\n<p style=\"font-weight: 400;\">Apartado Postal 164<\/p>\n<p style=\"font-weight: 400;\">Las Atalayas &#8211; Avda. Bulgaria 23<\/p>\n<p style=\"font-weight: 400;\">12598 &#8211; PE\u00d1ISCOLA (Castell\u00f3n) &#8211; ESPA\u00d1A<\/p>\n<p style=\"font-weight: 400;\">Tel\u00e9fono fijo: +(34) 964480150<\/p>\n<p style=\"font-weight: 400;\">Tel\u00e9fono m\u00f3vil: +(34) 629254751<\/p>\n<p style=\"font-weight: 400;\">Fax: +(34) 964480150<\/p>\n<p>&nbsp;<\/p>\n<h1><span style=\"color: #000000;\">Mapa de situaci\u00f3n<\/span><\/h1>\n<p><iframe loading=\"lazy\" style=\"border: 0;\" src=\"https:\/\/www.google.com\/maps\/embed?pb=!1m18!1m12!1m3!1d3040.148551507621!2d0.3827079156476922!3d40.36123036693656!2m3!1f0!2f0!3f0!3m2!1i1024!2i768!4f13.1!3m3!1m2!1s0x12a046c570355abd%3A0xbf9ab27bc834b35a!2zQXYuIEJ1bGdhcmlhLCAyMywgMTI1OTggUGXDscOtc2NvbGEsIENhc3RlbGzDs24!5e0!3m2!1ses!2ses!4v1567078432652!5m2!1ses!2ses\" width=\"1200\" height=\"450\" frameborder=\"0\" allowfullscreen=\"allowfullscreen\"><\/iframe><\/p>\n<p><!-- {\"name\":\"\",\"type\":\"layout\",\"children\":[{\"name\":\"\",\"type\":\"section\",\"props\":{\"style\":\"default\",\"width\":\"default\",\"vertical_align\":\"middle\",\"title_position\":\"top-left\",\"title_rotation\":\"left\",\"title_breakpoint\":\"xl\",\"image_position\":\"center-center\",\"padding\":\"\"},\"children\":[{\"name\":\"\",\"type\":\"row\",\"props\":{\"fixed_width\":\"large\",\"breakpoint\":\"m\",\"layout\":\"1-1\"},\"children\":[{\"name\":\"\",\"type\":\"column\",\"props\":{\"widths\":[\"1-1\"],\"image_position\":\"center-center\"},\"children\":[{\"name\":\"\",\"type\":\"headline\",\"props\":{\"title_element\":\"h1\",\"content\":\"Contacto\"}}]}]}]},{\"name\":\"\",\"type\":\"section\",\"props\":{\"style\":\"default\",\"width\":\"default\",\"vertical_align\":\"middle\",\"title_position\":\"top-left\",\"title_rotation\":\"left\",\"title_breakpoint\":\"xl\",\"image_position\":\"center-center\",\"padding_remove_top\":true,\"padding_remove_bottom\":false,\"padding\":\"small\"},\"children\":[{\"name\":\"\",\"type\":\"row\",\"props\":{\"fixed_width\":\"large\",\"breakpoint\":\"m\",\"layout\":\"1-1\"},\"children\":[{\"name\":\"\",\"type\":\"column\",\"props\":{\"widths\":[\"1-1\"],\"image_position\":\"center-center\"},\"children\":[{\"name\":\"\",\"type\":\"text\",\"props\":{\"margin\":\"default\",\"column_breakpoint\":\"m\",\"content\":\"Villa Herbalandia<\\\/p>\\n<\/p>\n\n\n\n\n<p style=\\\"font-weight: 400;\\\">Ruth &amp; Manuel Gosende &ndash; H&auml;ni<\\\/p>\\n<\/p>\n\n\n\n\n<p style=\\\"font-weight: 400;\\\">Email : villaherbalandia@yahoo.es<\\\/p>\\n<\/p>\n\n\n\n\n<p style=\\\"font-weight: 400;\\\">Apartado Postal 164<\\\/p>\\n<\/p>\n\n\n\n\n<p style=\\\"font-weight: 400;\\\">Las Atalayas - Avda. Bulgaria 23<\\\/p>\\n<\/p>\n\n\n\n\n<p style=\\\"font-weight: 400;\\\">12598 - PE&Ntilde;ISCOLA (Castell&oacute;n) - ESPA&Ntilde;A<\\\/p>\\n<\/p>\n\n\n\n\n<p style=\\\"font-weight: 400;\\\">Tel&eacute;fono fijo: +(34) 964480150<\\\/p>\\n<\/p>\n\n\n\n\n<p style=\\\"font-weight: 400;\\\">Tel&eacute;fono m&oacute;vil: +(34) 629254751<\\\/p>\\n<\/p>\n\n\n\n\n<p style=\\\"font-weight: 400;\\\">Fax: +(34) 964480150<\\\/p>\",\"text_size\":\"large\"}}]}]}]},{\"name\":\"\",\"type\":\"section\",\"props\":{\"style\":\"default\",\"width\":\"default\",\"vertical_align\":\"middle\",\"title_position\":\"top-left\",\"title_rotation\":\"left\",\"title_breakpoint\":\"xl\",\"image_position\":\"center-center\",\"padding_remove_top\":true},\"children\":[{\"name\":\"\",\"type\":\"row\",\"props\":{\"fixed_width\":\"large\",\"breakpoint\":\"m\",\"layout\":\"1-1\"},\"children\":[{\"name\":\"\",\"type\":\"column\",\"props\":{\"widths\":[\"1-1\"],\"image_position\":\"center-center\"},\"children\":[{\"name\":\"\",\"type\":\"headline\",\"props\":{\"title_element\":\"h1\",\"content\":\"Mapa de situaci&oacute;n\"}}]}]}]},{\"name\":\"\",\"type\":\"section\",\"props\":{\"style\":\"default\",\"width\":\"\",\"vertical_align\":\"middle\",\"title_position\":\"top-left\",\"title_rotation\":\"left\",\"title_breakpoint\":\"xl\",\"image_position\":\"center-center\",\"padding_remove_top\":true},\"children\":[{\"name\":\"\",\"type\":\"row\",\"props\":{\"fixed_width\":\"large\",\"breakpoint\":\"m\",\"layout\":\"1-1\"},\"children\":[{\"name\":\"\",\"type\":\"column\",\"props\":{\"widths\":[\"1-1\"],\"image_position\":\"center-center\"},\"children\":[{\"name\":\"\",\"type\":\"text\",\"props\":{\"margin\":\"default\",\"column_breakpoint\":\"m\",\"content\":\"<iframe src=\\\"https:\\\/\\\/www.google.com\\\/maps\\\/embed?pb=!1m18!1m12!1m3!1d3040.148551507621!2d0.3827079156476922!3d40.36123036693656!2m3!1f0!2f0!3f0!3m2!1i1024!2i768!4f13.1!3m3!1m2!1s0x12a046c570355abd%3A0xbf9ab27bc834b35a!2zQXYuIEJ1bGdhcmlhLCAyMywgMTI1OTggUGXDscOtc2NvbGEsIENhc3RlbGzDs24!5e0!3m2!1ses!2ses!4v1567078432652!5m2!1ses!2ses\\\" width=\\\"1200\\\" height=\\\"450\\\" frameborder=\\\"0\\\" style=\\\"border:0;\\\" allowfullscreen=\\\"\\\"><\\\/iframe>\",\"text_align\":\"center\"}}]}]}]}]} --><\/p>\n<p>[\/vc_column_text][\/vc_column][\/vc_row]<\/p>\n<\/section>","protected":false},"excerpt":{"rendered":"<p>[vc_row css=\u00bb.vc_custom_1569927401326{padding-top: 60px !important;}\u00bb][vc_column][\/vc_column][\/vc_row][vc_row][vc_column][vc_column_text]Villa Herbalandia Ruth &amp; Manuel Gosende \u2013 H\u00e4ni Email : villaherbalandia@yahoo.es Apartado Postal 164 Las Atalayas &#8211; Avda. Bulgaria 23 12598 &#8211; PE\u00d1ISCOLA (Castell\u00f3n) &#8211; ESPA\u00d1A Tel\u00e9fono fijo: +(34) 964480150 Tel\u00e9fono m\u00f3vil: +(34) 629254751 Fax: +(34) 964480150 &nbsp; Mapa de situaci\u00f3n [\/vc_column_text][\/vc_column][\/vc_row]<\/p>\n","protected":false},"author":1,"featured_media":0,"parent":0,"menu_order":0,"comment_status":"closed","ping_status":"closed","template":"","meta":{"footnotes":""},"_links":{"self":[{"href":"https:\/\/villaherbalandia.com\/index.php?rest_route=\/wp\/v2\/pages\/170"}],"collection":[{"href":"https:\/\/villaherbalandia.com\/index.php?rest_route=\/wp\/v2\/pages"}],"about":[{"href":"https:\/\/villaherbalandia.com\/index.php?rest_route=\/wp\/v2\/types\/page"}],"author":[{"embeddable":true,"href":"https:\/\/villaherbalandia.com\/index.php?rest_route=\/wp\/v2\/users\/1"}],"replies":[{"embeddable":true,"href":"https:\/\/villaherbalandia.com\/index.php?rest_route=%2Fwp%2Fv2%2Fcomments&post=170"}],"version-history":[{"count":7,"href":"https:\/\/villaherbalandia.com\/index.php?rest_route=\/wp\/v2\/pages\/170\/revisions"}],"predecessor-version":[{"id":373,"href":"https:\/\/villaherbalandia.com\/index.php?rest_route=\/wp\/v2\/pages\/170\/revisions\/373"}],"wp:attachment":[{"href":"https:\/\/villaherbalandia.com\/index.php?rest_route=%2Fwp%2Fv2%2Fmedia&parent=170"}],"curies":[{"name":"wp","href":"https:\/\/api.w.org\/{rel}","templated":true}]}}